71 composite?
False
Is 116849 a composite number?
False
Is 498577 a prime number?
True
Is 887473 a composite number?
True
Is 312311 a prime number?
True
Is 5458 prime?
False
Is 8467 prime?
True
Is 480911 composite?
False
Is 106903 a prime number?
True
Is 13853 composite?
True
Is 3967 prime?
True
Is 151631 prime?
True
Is 51703 a composite number?
True
Is 466721 prime?
False
Is 11239 a composite number?
False
Is 536791 a prime number?
True
Is 37429 a composite number?
True
Is 7631 composite?
True
Is 299857 composite?
False
Is 2581 composite?
True
Is 205747 a prime number?
False
Is 153871 prime?
True
Is 292561 a prime number?
True
Is 1211351 a composite number?
True
Is 22871 a prime number?
True
Is 61405 a composite number?
True
Is 89699 a composite number?
True
Is 23117 prime?
True
Is 27199 composite?
True
Is 2149 composite?
True
Is 38123 prime?
False
Is 1728206 prime?
False
Is 36866 composite?
True
Is 25535 a prime number?
False
Is 125843 a composite number?
True
Is 83891 a composite number?
False
Is 252277 a composite number?
False
Is 2153 a composite number?
False
Is 5257 composite?
True
Is 192737 a prime number?
True
Is 263605 composite?
True
Is 152671 composite?
False
Is 142529 composite?
False
Is 190987 a composite number?
True
Is 18719 a prime number?
True
Is 174367 prime?
True
Is 16811 a prime number?
True
Is 115979 a prime number?
True
Is 7819 a composite number?
True
Is 84521 composite?
False
Is 85679 a prime number?
False
Is 251239 prime?
False
Is 6247 a prime number?
True
Is 81001 composite?
False
Is 25855 a composite number?
True
Is 8119 prime?
False
Is 14395 a prime number?
False
Is 839669 a prime number?
True
Is 23227 a prime number?
True
Is 10559 a prime number?
True
Is 97987 a prime number?
True
Is 47891 prime?
False
Is 60871 a prime number?
False
Is 1974851 composite?
False
Is 1643 prime?
False
Is 5939 a composite number?
False
Is 274103 a composite number?
False
Is 6493 prime?
False
Is 26513 a composite number?
False
Is 15991 composite?
False
Is 19571 a prime number?
True
Is 869 a prime number?
False
Is 1189849 composite?
True
Is 60141 composite?
True
Is 278401 composite?
True
Is 12653 composite?
False
Is 17713 composite?
False
Is 3273997 a composite number?
True
Is 1501079 a composite number?
True
Is 4267 a composite number?
True
Is 28097 composite?
False
Is 355373 composite?
True
Is 10579 prime?
False
Is 209611 prime?
False
Is 192671 composite?
True
Is 6841 a prime number?
True
Is 93085 prime?
False
Is 1361 a prime number?
True
Is 17707 composite?
False
Is 765641 a prime number?
False
Is 6773 prime?
False
Is 37847 a prime number?
True
Is 4181 composite?
True
Is 17291 a composite number?
False
Is 254365 prime?
False
Is 40387 prime?
True
Is 133571 a composite number?
False
Is 4783 composite?
False
Is 82009 prime?
True
Is 3589 composite?
True
Is 204883 composite?
True
Is 756829 prime?
True
Is 631 composite?
False
Is 6653 a prime number?
True
Is 204871 a prime number?
True
Is 524779 a prime number?
False
Is 6433 a prime number?
False
Is 6733 a composite number?
False
Is 223855 composite?
True
Is 6121 prime?
True
Is 9091 prime?
True
Is 91121 composite?
False
Is 2645765 prime?
False
Is 8131 a composite number?
True
Is 116903 a composite number?
False
Is 41501 a composite number?
True
Is 718717 a prime number?
True
Is 40283 prime?
True
Is 629309 composite?
True
Is 29549 prime?
False
Is 211867 prime?
True
Is 18895 prime?
False
Is 579437 a composite number?
True
Is 12849 composite?
True
Is 4699 composite?
True
Is 84263 a prime number?
True
Is 328411 prime?
True
Is 378259 a composite number?
True
Is 84149 a composite number?
True
Is 59299 a prime number?
False
Is 163759 a composite number?
True
Is 7297 a composite number?
False
Is 906827 prime?
False
Is 411373 composite?
True
Is 15073 prime?
True
Is 198707 composite?
True
Is 8563 a composite number?
False
Is 10289 prime?
True
Is 4447985 a composite number?
True
Is 244537 prime?
False
Is 1449843 prime?
False
Is 111649 prime?
False
Is 866089 a composite number?
True
Is 247337 prime?
True
Is 13327 composite?
False
Is 253497 prime?
False
Is 162353 a composite number?
True
Is 432869 a composite number?
False
Is 127777 composite?
True
Is 53479 a composite number?
False
Is 3389 composite?
False
Is 307 composite?
False
Is 7369 a prime number?
True
Is 34691 composite?
True
Is 1590751 composite?
True
Is 55267 a prime number?
False
Is 87239 a composite number?
True
Is 1151 composite?
False
Is 107563 prime?
True
Is 1949 a prime number?
True
Is 1738409 composite?
True
Is 1330235 a composite number?
True
Is 2139199 prime?
True
Is 22301 a composite number?
True
Is 19223 a prime number?
False
Is 785 a prime number?
False
Is 31973 prime?
True
Is 13957 a composite number?
True
Is 1067978 prime?
False
Is 11801 a composite number?
False
Is 156119 composite?
False
Is 499 composite?
False
Is 204277 a composite number?
True
Is 252803 composite?
True
Is 136663 a composite number?
True
Is 120677 a prime number?
True
Is 173063 prime?
False
Is 1188553 a composite number?
False
Is 6043 prime?
True
Is 933323 a composite number?
True
Is 43117 a composite number?
False
Is 888697 a prime number?
False
Is 3457 a composite number?
False
Is 4297 prime?
True
Is 5557 a composite number?
False
Is 1763 composite?
True
Is 2850859 composite?
True
Is 527533 composite?
False
Is 149 a prime number?
True
Is 611011 a composite number?
False
Is 738269 a prime number?
False
Is 19066 composite?
True
Is 14107 a prime number?
True
Is 15427 a composite number?
False
Is 81899 composite?
False
Is 269398 a prime number?
False
Is 34807 a prime number?
True
Is 1060639 a prime number?
False
Is 90397 prime?
True
Is 83831 prime?
False
Is 2722 a composite number?
True
Is 57533 prime?
False
Is 2116501 prime?
True
Is 26599 a prime number?
False
Is 1461 composite?
True
Is 6101 prime?
True
Is 19802 composite?
True
Is 5259 a composite number?
True
Is 52103 composite?
False
Is 134629 a prime number?
False
Is 12853 composite?
False
Is 13499 a prime number?
True
Is 186526 composite?
True
Is 27239 prime?
True
Is 576761 a composite number?
True
Is 62683 a prime number?
True
Is 32741 a composite number?
True
Is 16271 a prime number?
False
Is 13649 a prime number?
True
Is 2099 a prime number?
True
Is 37153 composite?
True
Is 528369 a composite number?
True
Is 1566505 a prime number?
False
Is 91909 a prime number?
True
Is 33559 a composite number?
True
Is 14371 a composite number?
True
Is 32722 prime?
False
Is 2429 prime?
False
Is 2995609 composite?
False
Is 1520329 prime?
True
Is 229721 a prime number?
False
Is 37577 composite?
True
Is 204353 a prime number?
True
Is 51943 composite?
True
Is 32777 a prime number?
False
Is 100447 prime?
True
Is 43474 a composite number?
True
Is 11113 prime?
True
Is 1064233 a composite number?
True
Is 7367 a composite number?
True
Is 743398 prime?
False
Is 56591 prime?
True
Is 62354 a composite number?
True
Is 151499 a prime number?
True
Is 21059 a prime number?
True
Is 51857 a composite number?
True
Is 733715 composite?
True
Is 101429 prime?
True
Is 464543 a composite number?
True
Is 5851 composite?
False
Is 3011 composite?
False
Is 21557 composite?
False
Is 1319 prime?
True
Is 113933 a prime number?
True
Is 56281 a composite number?
True
Is 4409 a prime number?
True
Is 99205 composite?
True
Is 11549 a prime number?
True
Is 32081 a prime number?
False
Is 21541 a composite number?
True
Is 15443 a composite number?
False
Is 125051 a prime number?
False
Is 397 a composite number?
False
Is 489 composite?
True
Is 63005 composite?
True
Is 31013 composite?
False
Is 2609 a composite number?
False
Is 159059 prime?
True
Is 33869 a prime number?
False
Is 140333 a prime number?
True
Is 280669 composite?
True
Is 112609 prime?
False
Is 187273 composite?
False
Is 6421 a composite number?
False
Is 32117 composite?
False
Is 17957 composite?
False
Is 16103 a prime number?
True
Is 430609 prime?
False
Is 9943 prime?
False
Is 48563 prime?
True
Is 4534269 a composite number?
True
Is 997319 prime?
True
Is 757 a composite number?
False
Is 8887 a composite number?
False
Is 117509 a prime number?
False
Is 9011 composite?
False
Is 13081 prime?
False
Is 697259 a prime number?
True
Is 67121 a prime number?
True
Is 4033 composite?
True
Is 362693 a c